False
Is 10061 a composite number?
False
Is 17149 a prime number?
False
Is 75967 prime?
True
Is 99091 a prime number?
False
Is 27361 a composite number?
False
Is 14461 composite?
False
Is 274 a prime number?
False
Is 42821 composite?
False
Is 673 a prime number?
True
Is 54751 prime?
True
Is 40213 a prime number?
True
Is 118561 prime?
False
Is 266401 a prime number?
True
Is 834451 a composite number?
True
Is 4569 composite?
True
Is 2965 composite?
True
Is 11099 a prime number?
False
Is 276455 prime?
False
Is 751 a composite number?
False
Is 4981 a composite number?
True
Is 6913 prime?
False
Is 4327 prime?
True
Is 30017 composite?
True
Is 45299 prime?
False
Is 20471 a composite number?
True
Is 528539 a composite number?
True
Is 87083 a composite number?
False
Is 262103 a composite number?
False
Is 21683 prime?
True
Is 95701 a composite number?
False
Is 1853669 a composite number?
False
Is 1224962 a composite number?
True
Is 6005 a prime number?
False
Is 14201 prime?
False
Is 10555 a composite number?
True
Is 50147 composite?
False
Is 5537879 a composite number?
False
Is 163771 prime?
True
Is 237 prime?
False
Is 26479 composite?
False
Is 29527 composite?
False
Is 12959 a prime number?
True
Is 314749 a composite number?
True
Is 47303 a composite number?
False
Is 7039 a prime number?
True
Is 759533 composite?
True
Is 35467 a composite number?
True
Is 289577 composite?
False
Is 24967 a prime number?
True
Is 41362 a composite number?
True
Is 57403 a prime number?
False
Is 36349 a composite number?
True
Is 6521 a prime number?
True
Is 5873561 a prime number?
True
Is 10957 prime?
True
Is 75079 composite?
False
Is 14669 a prime number?
True
Is 42923 a prime number?
True
Is 698693 prime?
False
Is 6547 a composite number?
False
Is 69857 a prime number?
True
Is 409 a prime number?
True
Is 122819 a prime number?
True
Is 23249 a composite number?
True
Is 24233 a composite number?
True
Is 1657 composite?
False
Is 35663 a composite number?
True
Is 14101 prime?
False
Is 6613 a composite number?
True
Is 70589 a composite number?
False
Is 19741 a prime number?
False
Is 65361 a composite number?
True
Is 966727 a composite number?
False
Is 567319 prime?
True
Is 2081 composite?
False
Is 100733 composite?
False
Is 46219 prime?
True
Is 333937 composite?
True
Is 851039 a prime number?
False
Is 404597 a prime number?
True
Is 37165 prime?
False
Is 20593 composite?
False
Is 13763 prime?
True
Is 71353 a composite number?
False
Is 1657 composite?
False
Is 10331 prime?
True
Is 70429 composite?
False
Is 3821 prime?
True
Is 38593 a composite number?
False
Is 1008941 a prime number?
False
Is 15697 prime?
False
Is 61129 a composite number?
False
Is 914053 a prime number?
False
Is 631 a composite number?
False
Is 91193 prime?
True
Is 132953 a prime number?
True
Is 12847 prime?
False
Is 22757 prime?
False
Is 260701 composite?
True
Is 1087 prime?
True
Is 42589 a prime number?
True
Is 158 composite?
True
Is 1020361 prime?
True
Is 24713 a prime number?
False
Is 388114 prime?
False
Is 828721 composite?
False
Is 21977 a composite number?
False
Is 262387 prime?
True
Is 113357 a prime number?
True
Is 49255 prime?
False
Is 4705 a prime number?
False
Is 14998 prime?
False
Is 324869 a composite number?
False
Is 110251 a composite number?
False
Is 169615 prime?
False
Is 9871 composite?
False
Is 18173 composite?
True
Is 2503 a composite number?
False
Is 17461 composite?
True
Is 79433 a prime number?
True
Is 322319 prime?
True
Is 38443 composite?
True
Is 34973 prime?
False
Is 29035 a composite number?
True
Is 2563 a prime number?
False
Is 2923 prime?
False
Is 7113 prime?
False
Is 1128311 a prime number?
False
Is 280634 composite?
True
Is 297167 composite?
True
Is 5923 a composite number?
False
Is 43871 a prime number?
False
Is 181711 a composite number?
False
Is 62165 a prime number?
False
Is 491273 prime?
True
Is 85103 a prime number?
True
Is 54709 a prime number?
True
Is 3413 a prime number?
True
Is 94873 a prime number?
True
Is 252817 prime?
True
Is 7283 composite?
False
Is 8053 a composite number?
False
Is 1327931 prime?
False
Is 1889 a composite number?
False
Is 1182274 a prime number?
False
Is 28901 prime?
True
Is 210623 composite?
True
Is 1244573 prime?
False
Is 9413 composite?
False
Is 7897 a prime number?
False
Is 29123 a prime number?
True
Is 4727 composite?
True
Is 214691 a composite number?
False
Is 130729 prime?
True
Is 65089 prime?
True
Is 2453 a composite number?
True
Is 7283 a prime number?
True
Is 42281 prime?
True
Is 159483 a composite number?
True
Is 1835717 prime?
False
Is 4253 composite?
False
Is 29383 composite?
False
Is 225901 a composite number?
True
Is 21095 composite?
True
Is 582081 a composite number?
True
Is 2651 composite?
True
Is 165931 a composite number?
False
Is 38279 a composite number?
True
Is 3433 prime?
True
Is 131351 prime?
False
Is 103319 a composite number?
False
Is 4871 a prime number?
True
Is 764431 prime?
True
Is 71843 a prime number?
True
Is 488081 a prime number?
False
Is 35723 a prime number?
False
Is 67501 composite?
True
Is 89317 a prime number?
True
Is 10487 prime?
True
Is 90263 composite?
False
Is 2897 prime?
True
Is 632127 composite?
True
Is 6457 a prime number?
False
Is 7627 composite?
True
Is 316847 composite?
False
Is 7555 composite?
True
Is 32467 composite?
False
Is 2361 composite?
True
Is 6029 composite?
False
Is 111703 composite?
True
Is 16787 a composite number?
False
Is 4699 a prime number?
False
Is 2177 a prime number?
False
Is 14227 a composite number?
True
Is 2596558 prime?
False
Is 2927 a composite number?
False
Is 8143 a composite number?
True
Is 2221 a composite number?
False
Is 369911 prime?
False
Is 180119 prime?
False
Is 289309 a prime number?
True
Is 324461 a composite number?
True
Is 7901 a composite number?
False
Is 3151 a prime number?
False
Is 1696169 a prime number?
True
Is 317651 a prime number?
True
Is 9287 composite?
True
Is 525457 a prime number?
True
Is 2561953 a prime number?
True
Is 377963 composite?
False
Is 153247 prime?
True
Is 21467 prime?
True
Is 135257 a composite number?
False
Is 24499 a prime number?
True
Is 5323 a composite number?
False
Is 2629897 a composite number?
False
Is 106853 prime?
True
Is 289837 prime?
True
Is 163039 composite?
True
Is 36293 a composite number?
False
Is 44101 a prime number?
True
Is 4709 composite?
True
Is 8353 a composite number?
False
Is 16141 prime?
True
Is 23801 a prime number?
True
Is 2767 a composite number?
False
Is 175433 prime?
True
Is 1995289 composite?
False
Is 607103 prime?
False
Is 489595 composite?
True
Is 55529 a prime number?
True
Is 7411 a prime number?
True
Is 71701 a composite number?
True
Is 110219 a prime number?
False
Is 230927 a prime number?
False
Is 84383 composite?
True
Is 547 a prime number?
True
Is 12197 composite?
False
Is 81505 composite?
True
Is 943 a prime number?
False
Is 42153 a prime number?
False
Is 749701 a composite number?
False
Is 3662 prime?
False
Is 10607 prime?
True
Is 12014 prime?
False
Is 451249 a prime number?
True
Is 15109 a prime number?
False
Is 261109 prime?
False
Is 16367 a composite number?
True
Is 18637 a composite number?
False
Is 168095 a prime number?
False
Is 47237 prime?
True
Is 271481 a prime number?
False
Is 393257 composite?
False
Is 7817 composite?
False
Is 92977 composite?
True
Is 630521 prime?
True
Is 142397 a composite number?
True
Is 275227 composite?
False
Is 953821 composite?
True
Is 259883 prime?
False
Is 6457 a composite number?
True
Is 81085 a composite number?
True
Is 20849 composite?
False
Is 23605 composite?
True
Is 2921 a prime number?
False
Is 18897 a prime number?
False
Is 98866 a composite number?
True
Is 4703 a prime number?
True
Is 12323 a prime number?
True
Is 316031 a prime number?
True
Is 196019 a composite number?
True
Is 3821 a prime number?
True
Is 69742 composite?
True
Is 7453 a composite number?
True
Is 42709 composite?
False
Is 94573 prime?
True
Is 3359 a prime number?
True
Is 392651 composite?
True
Is 138707 prime?
False
Is 743 a composite number?
False
Is 541 composite?
False
Is 47221 composite?
False
Is 94649 a prime number?
True
Is 101999 prime?
True
Is 273881 composite?
False
Is 398771 a prime number?
True
Is 286123 prime?
False
Is 16273 prime?
True
Is 91489 prime?
False
Is 7109 co